+ o*g - 12*g + 3. Let s(f) = -11*r(f) - 2*y(f). What is s(3)?
-5
Let v(h) = 104 - 2*h + 104 - 214. Give v(-7).
8
Let t(y) = y**3 - 4*y**2 - 3*y + 3. Let d(w) = -3*w**3 + 1. Let c be d(1). Let j = c - -6. What is t(j)?
-9
Let i(j) = -2*j**2 - 6*j + 2. Let l(f) = -1 - 2*f**2 + 2 - 4*f + f**2. Let o(v) = -5*i(v) + 8*l(v). Suppose n = -w + 2, 3*w + 4*n - 3 = 3. Calculate o(w).
2
Let i(c) = c**2 - 2*c - 3. Suppose -3*d = -0 - 6. Suppose 6*l - 2*l + w - 17 = 0, -4*w + 14 = -d*l. Determine i(l).
0
Let g(c) = -c - 3. Let j be 0 - ((-30)/(-3))/(-1). Suppose -2*l + 4*l = -j. Determine g(l).
2
Let n(i) = i**2 + 5*i + 10. Let d be n(-4). Let f(g) be the second derivative of g**4/12 - 4*g**3/3 + g**2/2 + 5*g. Give f(d).
-11
Suppose -5*r - 5*g = 55, 5*g = 18 - 43. Let q(u) = u**2 - 2*u - 2. Let k(w) = -3*w**2 - 2*w - 5. Let l(c) = -k(c) - 2*q(c). Calculate l(r).
9
Let w be 4*3/(1*6). Suppose -4*s + w*s = -4. Let r(z) = 4*z - 2 - z**3 - s*z**2 - 3*z + 0*z**2. Give r(-3).
4
Let o(x) = x**2 + 5*x + 2. Let f(q) = -2*q. Let y be f(1). Let b = -3 + y. Determine o(b).
2
Let t(h) = 6. Let g(z) = -1. Let w(m) = 5*g(m) + t(m). Let y(f) = f. Let r(a) = w(a) - y(a). Determine r(-1).
2
Let a = 40 + -35. Let o(q) be the second derivative of 0 - 7/2*q**2 + 1/2*q**3 - 2*q. What is o(a)?
8
Let o = 3 - -7. Let c = 7 - o. Let i(w) = -w**2 - 3*w - 2. What is i(c)?
-2
Let j(y) = y**2 + 8*y - 6. Let f be j(-9). Let m be 11/f - (-2)/6. Let l be (-21)/m + (-2)/(-8). Let b(v) = -v**3 - 4*v**2 + 5*v - 1. Calculate b(l).
-1
Let u(w) = -9*w - 1. Suppose 5*n = -10, -4*n - 4 = -0*v - 4*v. What is u(v)?
8
Let b be 3/(-9) + (-4)/(-3). Let n be (-3 + b)*(-1)/2. Let w(f) = 3*f. Let c(t) = 13*t + 1. Let l(k) = -2*c(k) + 9*w(k). What is l(n)?
-1
Let a(g) = -2*g**3 + g - 1. Suppose 2*x = 4*w + 24, 1 = x - w - 6. Let b = 52 - 50. Suppose -3*i + 2*m = -3, 0*i - x*i + b = -m. Determine a(i).
-2
Let c(u) be the second derivative of 3*u - 1/3*u**3 - 1/20*u**5 - 3/2*u**2 - 1/4*u**4 + 0. What is c(-2)?
-3
Let t(i) be the third derivative of 2/3*i**3 + 1/10*i**5 + 0*i + 1/24*i**4 - i**2 + 1/120*i**6 + 0. Calculate t(-6).
-2
Let w(l) = -l**2 - 6*l - 5. Let m be w(-4). Let j(d) = 0*d + d + 4 - m*d + d. Determine j(4).
0
Let v = -12 + 17. Suppose 3*k - v*k = -10. Let p(t) be the third derivative of -t**4/24 + 5*t**3/6 + t**2. What is p(k)?
0
Let j(m) = m**3 + 7*m**2 - m - 8. Suppose -47 = 5*o - 3*a, -a - 27 = 5*o + a. Let i be j(o). Let p(d) = -d + d - 7*d. What is p(i)?
7
Let p(w) = 2*w**3 - 2*w + 1. Suppose -4*c = -0*c + 5*f + 21, -5*c + 10 = -f. Let z be (0/1 + c)*1. Give p(z).
1
Let q(v) = -v**3 + 4*v**2 + 9*v - 2. Let w(x) = -x**3 - x**2 + x. Let c(s) = q(s) - 2*w(s). Let y(o) = o**2 - 6*o. Let b be y(5). What is c(b)?
-12
Let n(b) = b**2 - 5*b - 3. Let i(o) = -o**3 - 3*o**2 + o - 7. Let w be i(-4). Calculate n(w).
-3
Let g(h) = -h + 4. Suppose -2 = 6*u + 22. Determine g(u).
8
Let n = 10 + -7. Let g(h) = 2*h**2 - 4*h + 4*h - 3*h - n*h**2. What is g(-3)?
0
Let t(j) = j**3 + 4*j**2 + 2*j. Let a(l) = 2*l - 31. Let q be a(14). Let u(k) = k - 4. Let o be u(3). Let z = q + o. Calculate t(z).
-8
Let t(m) = -m**2 - 1. Let w(y) = y**3 + 4*y**2 - y - 9. Let v(s) = -3*t(s) + w(s). Let c be v(-7). Suppose -c = k + 1. Let p(x) = -4*x. What is p(k)?
8
Let r(u) = -12*u - 1. Let v be (-2 - (-7)/3)*3. Give r(v).
-13
Let j = 2 - 0. Let t(i) be the first derivative of 3*i + 1 + 1/2*i**j. Determine t(-3).
0
Let z(s) = -s + 5. Let x be z(5). Let t(p) = 2 + x*p - 3*p + p. Suppose 5*a + 10 = 5*o, 2*a = -a + 3. Calculate t(o).
-4
Let a(r) = -r**2 + 5 - 5 + 4*r. Let h be (0 - -3 - 3) + -3. Let u = 7 + h. Determine a(u).
0
Let d be 1*(-12)/(-2 + 5). Let i(h) = h - 1. Calculate i(d).
-5
Let d be (1 + -2)*(-9)/3. Let x(c) = 3 + c - 6 - d. Let o(m) = m + 5. Let v be o(0). Calculate x(v).
-1
Let o(m) = 3*m - 4. Let t be (2 + 1)*(12/4 + -2). Calculate o(t).
5
Suppose -t = -0*t. Let r(h) be the second derivative of -1/20*h**5 + 4*h + 1/6*h**3 + 0 + 0*h**2 + 1/12*h**4. What is r(t)?
0
Let o = -5 - -10. Let s(x) = 2*x - 2 + 0*x**3 - 2*x**2 + 0 + x**3. Let r(u) = -3*u**3 + 7*u**2 - 5*u + 5. Let f(p) = -3*r(p) - 8*s(p). What is f(o)?
-4
Let s(d) = -d**2 - 2 - d - 1 - 2*d. Suppose 9*h + 2*h = -33. What is s(h)?
-3
Suppose 0 = 3*q + q + 96. Let i be (-1)/(3 + q/9). Let x(g) be the third derivative of g**6/120 + g**5/20 + g**4/12 - g**3/6 - g**2. Give x(i).
-7
Let o(n) be the third derivative of -n**5/60 - n**4/6 - 2*n**3/3 - 7*n**2. Give o(-4).
-4
Let x(i) be the third derivative of i**6/120 + i**5/12 + i**4/8 + 5*i**3/6 + 53*i**2. Give x(-4).
9
Let g(u) = 3*u**2 + u. Let y(d) = 3*d**2 + d. Let z(i) = 2*g(i) - 3*y(i). What is z(-2)?
-10
Suppose 3*j + 4*x = -2, -3*j + x = 2*j - 12. Suppose 35*d - 12 = 29*d. Let h(t) = -2*t**2 - j*t**d + 9*t**2. Determine h(-1).
5
Let s(d) be the second derivative of d**4/2 + d**3/6 + d**2/2 + 40*d - 2. What is s(-1)?
6
Let k(v) = -4*v**3 + v**2 - 5 + 3 + 4 + 3*v**3. What is k(2)?
-2
Let d(f) = f**2 - 6*f - 5. Suppose -r - r - c + 11 = 0, 3*c = -3*r + 15. What is d(r)?
-5
Let s(h) = -7*h**3 - 2*h**2 - h. Let l = 6 + -7. What is s(l)?
6
Let u(n) = -n**2 - 2*n + 8. Let a be u(0). Let o(z) = z**3 - 7*z**2 - 9*z + 10. Determine o(a).
2
Let x(i) = i**2 + 17*i - 5. Let j be x(-17). Let w(a) = a**2 + 6*a + 7. Calculate w(j).
2
Let h be 40/15 - (-1)/3. Suppose h*a + 3 = -0. Let r(w) = -3*w**3 - w**2 - 2*w - 1. Determine r(a).
3
Let n(l) be the second derivative of l**4/6 + l**2/2 + 20*l. Let y(x) = x**2 - 5*x - 1. Let v be y(5). What is n(v)?
3
Let m(x) = 20*x - 2. Let c(b) = 7*b - 1. Let z(y) = -17*c(y) + 6*m(y). What is z(4)?
9
Let t(z) = z - 1. Let d(m) = m**3 - 8*m**2 + 11*m - 4. Let f(h) = d(h) - 5*t(h). What is f(7)?
-6
Let h(t) = -3*t + 7. Suppose -3*j + 27 = 3*g, -5*g + 20 = 2*j - 4*g. Let l(n) = 16*n - 35. Let y(q) = j*h(q) + 2*l(q). What is y(6)?
1
Let s(u) = -u**3 - 4*u**2 + 4*u + 1. Let t be s(-5). Let g(w) = -4*w + 4 - t + w**2 - 3. What is g(4)?
-5
Let c(z) = -z - 2. Let v(h) = -h - 1. Let p(w) = 2*c(w) - 3*v(w). Suppose 4*q - 63 = 77. Suppose 5*m - q = -5*o, -3*m + 11 = 2*o - 7. Give p(o).
2
Let c(v) = -v**3 + 3*v**2 - 1. Let j(d) = 6 + 0*d**2 - 6*d + d**2 + 2*d - d. Let a be j(4). What is c(a)?
3
Let t(x) = x - 1. Suppose -5*n + n - 3*a = 20, -26 = 5*n + 4*a. Determine t(n).
-3
Let h(p) = -4*p + 3. Let i(n) = 13*n - 10. Let g(t) = 7*h(t) + 2*i(t). Calculate g(-2).
5
Let f(d) = 1 - 3 + 2 - 2*d. Determine f(1).
-2
Let w(t) = -t + 2. Let r(d) = 7*d**3 - 9*d**2 - 10*d - 5. Let s(g) = g**3 - g**2 - g. Let a(m) = -r(m) + 6*s(m). Let l be a(4). Determine w(l).
-3
Let l(d) be the first derivative of d**2/2 - 2*d + 12. Suppose -x - 3*m = 3*x + 3, -14 = 2*x + 4*m. What is l(x)?
1
Let c(n) = -n**2 - 4*n + 7. Suppose -3*g + 73 = -5*f - 36, -4*g = -5*f - 147. Suppose -g = 5*b - 2*l, -12 = 4*b + l + 2*l. What is c(b)?
-5
Let i(p) = p + 6 + 6 - 12. Let c be i(-1). Let a(s) = -s**2 + s. Give a(c).
-2
Let z = -2 + 2. Suppose 3*t - 3*d - 12 = z, 5*d - 3 = 3*t - 21. Let v(c) = 3*c + 1. Determine v(t).
4
Let s be (-56)/21 - (-4)/6. Let t(o) = 2*o. Calculate t(s).
-4
Let k = -63 - -91. Let q be (k/(-21))/(4/(-6)). Let t(y) = -y. Give t(q).
-2
Let r = 28 + -35. Let p(m) = -m**2 - 5*m + 7. Calculate p(r).
-7
Let q be ((-6)/4 + 1)*-2. Let r(s) = q - 3 - 48*s + 46*s. Determine r(-5).
8
Let a(l) = 2*l**2 + 2*l + 2. Let j(f) = 8*f**2 + 9*f + 9. Let z = 4 + -6. Let h(v) = z*j(v) + 9*a(v). Suppose 2*d = 6*d + 4. Calculate h(d).
2
Let p(v) = v. Let t(b) = -7*b + 1. Let x(g) = 6*p(g) + t(g). Suppose -3*w - 25 = 5*y + 2, -2*w = y + 11. Determine x(w).
5
Let d(c) = -c**2 - 2. Let l(n) = n + 3. Let b be l(-6). What is d(b)?
-11
Suppose -6*b + 27 = -15. Let g(s) = s - 7. Calculate g(b).
0
Suppose y + 4 = 7. Let q be (-4)/y*(-18)/(-12). Let j(m) = m**2 - m + 0*m + 1 + 3*m. Determine j(q).
1
Let g(h) = 2 + 2 + h - 5. Let r(z) = z**3 + 4*z**2 + 7*z - 3. Let k(b) = 4*g(b) - r(b). Let m be (7 + 1)/(-2) - -1. What is k(m)?
-1
Suppose 5 + 0 = d. Let m be 1/3 + (-8)/(-3). Let f(r) = -2*r + 0*r + m*r. Calculate f(d).
5
Let k(w) = -5*w**2 - 11*w - 66. Let i(l) = -l**2 - 2*l - 13. Let v(r) = 11*i(r) - 2*k(r). Give v(0).
-11
Let m(j) = j**3 + 4*j - 4*j**2 - 1 + 10*j**2 - 2. Suppose -4*y + 4*u - 2 = -2*y, 10 = -5*u. Give m(y).
2
Let p(d) b